te the remainder when t is divided by 67.
43
Let p = 121 - 178. Let n = p + 70. What is the remainder when n is divided by 5?
3
Suppose -7*h - 7*h = -3948. Calculate the remainder when h is divided by 36.
30
What is the remainder when -12 + (-4)/((-32)/456) is divided by 12?
9
Let h(x) = -x**3 - 18*x**2 - 3*x + 35. What is the remainder when h(-18) is divided by 50?
39
Let c(i) = 10*i - 4. Let t be c(10). Suppose 0 = 2*o - 5*o + t. Let j(b) = b**2 - 15*b - 27. Calculate the remainder when o is divided by j(17).
4
Let h(b) = 2*b - 2. Let p be h(1). Suppose 6*u + 0*u - 66 = p. Calculate the remainder when u is divided by 3.
2
Let t = -33 - -29. What is the remainder when 52 is divided by 22*(t/8 - -1)?
8
Let n = 93 + -19. Let s = -72 + n. Calculate the remainder when 7 is divided by s.
1
Suppose 0*n - f - 106 = -3*n, 5*n + 4*f - 188 = 0. Suppose 27*i - 19*i - 1432 = 0. What is the remainder when i is divided by n?
35
Suppose -5*q - 2*d = -1823, 4*d + 12 = 7*d. What is the remainder when q is divided by 31?
22
Suppose 3693 = 7*g - 654. Calculate the remainder when (-46)/(-161) + g/7 is divided by 25.
14
Suppose -201 = -3*t - v, -4*t - 2*v + 268 = -3*v. Calculate the remainder when t is divided by 35.
32
Suppose -6 = -q + 5*r + 11, 4*q + 4*r = 116. Calculate the remainder when 86 is divided by q.
5
Let l = -5 - -8. Suppose -3*q - 7 = 3*k - 4*k, l*k - q = 29. Calculate the remainder when 22 is divided by (-2)/k + 41/5.
6
Let l = 115 + -117. Suppose 44 = -2*i + 4*i. Calculate the remainder when (65 - 21) + 6/l is divided by i.
19
Suppose 0 = -132*b + 131*b + 9. What is the remainder when 331 is divided by b?
7
Let q = -100 - -149. Calculate the remainder when 732 is divided by q.
46
Let a(x) = 8*x + 31. Let i(c) = -12*c - 47. Let d(w) = 8*a(w) + 5*i(w). Calculate the remainder when d(5) is divided by 7.
5
Let c = 976 + -969. Let g = 5 + -3. Suppose -2*f + 21 = j - g*j, -5*j = -2*f + 17. Calculate the remainder when f is divided by c.
4
Suppose 3*u - 51 = 2*a, -u - 32 = -3*u + 2*a. Calculate the remainder when u is divided by ((-13)/(-5))/((-4)/10)*-2.
6
Let z(q) = q**3 + 6*q**2 + 7*q + 6. Suppose -4*n - 3 = -11. Suppose 5*c + n*u = -2*u + 129, 4*c - 112 = -u. What is the remainder when c is divided by z(-4)?
9
Let i(u) = u + 6. Let k be i(-7). Let t(z) = -z**2 - 16*z + 75. Calculate the remainder when t(-16) is divided by (-24)/(-1) + 1 - k.
23
Let v(z) = -z**3 - 10*z**2 + 6*z + 8. What is the remainder when v(-11) is divided by 25?
13
Suppose -20 = 4*h, -4*w + h = -12 - 29. Let x(p) = -p**3 - 10*p**2 - 12*p - 14. Let u be x(-8). Let r = u - -61. Calculate the remainder when r is divided by w.
6
Let n = -31 + 42. Suppose -15 = -3*u, 2*r = -4*u + 34 + 26. What is the remainder when r is divided by n?
9
Let v(t) = t**3 + 2*t**2 + 17. What is the remainder when v(0) is divided by 10?
7
Let m(a) = -a**3 + 8*a**2 + 12*a + 1. Suppose 21*i + 385 = 28*i. Calculate the remainder when i is divided by m(9).
27
What is the remainder when (-119504)/(-280) - 2/20*-2 is divided by 13?
11
Suppose 0 = -d - 3*d - g + 23, -d + 5*g + 11 = 0. Let c = 8 - d. Suppose c*p - 36 = -0*p. What is the remainder when 53 is divided by p?
17
Let y = 1 + 1. Suppose 3*r - 34 = y*r. What is the remainder when r is divided by (9/5)/((-156)/20 + 8)?
7
Suppose 83*g - 74*g = 54. Calculate the remainder when 689 is divided by g.
5
Calculate the remainder when 204 is divided by 213/6 + (-1)/2.
29
Suppose 20*a - 18*a - 5*s = 2, -4*a + 5*s + 24 = 0. Calculate the remainder when a is divided by (-10)/(-3) - (-2)/(-6).
2
Suppose -32*h + 257 + 1324 = -h. Suppose 0*g = -4*g + 72. Calculate the remainder when h is divided by g.
15
Suppose 433 = 44*o - 887. What is the remainder when 64 is divided by o?
4
Suppose 6*i = -1307 + 1499. Calculate the remainder when 60 is divided by i.
28
Suppose 0 = -3*u + 4*r + 23, 13*u = 16*u - r - 17. Suppose 4*t + 4 = 3*z, -3*t - t + 24 = 4*z. What is the remainder when u is divided by z?
1
Suppose -q = -5*u + 18, -1 = 5*u - 2*q - 17. Suppose -u*s + 95 = -57. What is the remainder when s is divided by 13?
12
Let t = 195 + -66. Calculate the remainder when t is divided by 45.
39
Let k be 1 + 1 + 0 - 6. Let s(h) = h**2 - 4*h - 2. Calculate the remainder when s(k) is divided by 16.
14
Let f = -318 + 320. What is the remainder when 16 is divided by f?
0
Suppose -3*r - 423 = -543. What is the remainder when r is divided by 21?
19
Let b be (3 - (5 - 0))/2. Calculate the remainder when 21 is divided by (3/(-5))/(b/10).
3
Let d be -6*2*(-28)/16. Suppose g - 2*b + d = 2*g, 3*g - 49 = b. Suppose -232 = -4*f - 5*q + 48, 5*f = -q + 329. Calculate the remainder when f is divided by g.
14
Let w(j) = 3*j**3 - 7*j**2 + 4*j + 3. Let l = -30 + 35. Suppose -5*a + 121 = -2*h, 2*a - 35 - l = 5*h. Calculate the remainder when w(4) is divided by a.
24
Suppose d = 2*h + 1, 2*h + 8 - 37 = -5*d. What is the remainder when 0/(4/h) + 21 is divided by (-8)/16*-40 - 8?
9
Suppose 6119 = 25*l - 2231. What is the remainder when l is divided by 48?
46
Suppose 4*j = 3*a + 67, 6*j = -3*a + 5*j - 47. Let o = 51 + a. What is the remainder when o is divided by 18?
16
Suppose -3*c + 298 = -674. Calculate the remainder when c is divided by 48.
36
Let d = 7 + 5. Suppose d*p - 105 = 7*p. Calculate the remainder when 83 is divided by p.
20
Calculate the remainder when 65 is divided by (0 + 11)/(3 + -2).
10
Let u(r) = 36*r + 215. What is the remainder when 139 is divided by u(-5)?
34
Suppose -5*j = 3*w - 228, -155 - 185 = -5*w + 5*j. Let q = w + -24. Calculate the remainder when q is divided by 8.
7
Let u be 12/(-3) + 0 + 8. Suppose u*g - 12 - 48 = 0. What is the remainder when 117 is divided by g?
12
Suppose 3*r + v = -3*v + 45, r - 34 = 5*v. What is the remainder when 0 + 74 - 12/4 is divided by r?
14
Suppose 5*r - 301 = 319. Let z(x) = 2*x**2 - 10*x + 33. What is the remainder when r is divided by z(4)?
24
Suppose -244 = 3*v - 5*v + w, -4*w + 131 = v. Calculate the remainder when v is divided by 62.
61
Suppose -101*h = -88*h - 117. Calculate the remainder when 98 is divided by h.
8
Let g be (-20)/(-8)*(4 + -2). Suppose g*j + 3*p = 71, 3*p - 32 = -2*j - 0*p. Calculate the remainder when j is divided by 8.
5
Let q(p) = -16*p - 121. Calculate the remainder when 158 is divided by q(-9).
20
Suppose 5*f + 2*u = -3*u + 120, 5*f - 96 = 3*u. Let z(p) = 3*p + 4 - 6 - 2*p - 1. What is the remainder when f is divided by z(11)?
5
Suppose 4*t - 5*r = 273, 2*r - 166 = -3*t - 2*r. Suppose 6*o = 2*o + 16. Suppose -5*z + 105 = o*x, 0 = -2*x + 3*x. What is the remainder when t is divided by z?
20
Let m(o) = 6*o**2 - o - 4. Let q = 3 - 6. Suppose -154 = 20*v - 31*v. Calculate the remainder when m(q) is divided by v.
11
Suppose -9*y = -0*y - 306. What is the remainder when y is divided by 12?
10
Let r(v) = v**2 - 12*v + 8. Let j be r(13). Suppose -5*x - p = -79, -3*x + 2*p + 37 = -0*x. Let h = j - x. What is the remainder when h is divided by 2?
0
Suppose -3*b - 67 + 4 = 0. Let d = 666 - 660. What is the remainder when (-369)/b + d/14 is divided by 5?
3
Let j = -23 - -31. Let s(b) = 8*b - 51. Calculate the remainder when 101 is divided by s(j).
10
Suppose 4*m = 4*c + 480, m + 4*m + c = 600. Let l = m - 108. What is the remainder when 70 is divided by l?
10
Let r = -485 - -491. Let o(c) = -c**3 + 9*c**2 - 6*c + 7. What is the remainder when o(8) is divided by r?
5
Let h(g) = -11*g - 217. What is the remainder when 64 is divided by h(-23)?
28
Suppose 4*i = -h + 110, 156*i - 5*h + 115 = 161*i. What is the remainder when i is divided by ((-3)/6)/(1/(-12))?
5
Suppose 5*n - 7*n - 30 = 0. Let k = -9 - n. Calculate the remainder when 15 is divided by k.
3
Let b = -353 - -406. What is the remainder when 100 is divided by b?
47
Let w = 1075 + -581. Calculate the remainder when w is divided by 16.
14
Let r be 1373/(-11) - (-20)/(-110). Let o = -82 - r. What is the remainder when o is divided by ((-28)/(-6) + 3)*3?
20
Let b(r) = -r**3 + 9*r**2 - 9*r - 16. Suppose 2*p - 3 - 5 = 0, 0 = 4*u + 2*p - 36. What is the remainder when b(u) is divided by 13?
6
Let o = -11 + 21. Suppose -48 = -o*h + 2*h. Calculate the remainder when h is divided by 5.
1
Suppose 26 = -4*u + 98. Calculate the remainder when (33 - (-15 - -9)) + 1*4*-1 is divided 